ctor of 30 and f?
30
Suppose -5*k + 5*a + 1430 = 0, 2*a + 2*a = 5*k - 1430. Let p(h) = -68*h + 638. Let f be p(9). Calculate the greatest common factor of f and k.
26
Let f(p) = -p**2 - 47*p + 45. Let r be f(-36). Calculate the highest common divisor of 18 and r.
9
Suppose -4*y + 608 = 48. Calculate the highest common divisor of 28 and y.
28
Suppose -16 + 160 = 18*b. What is the highest common factor of b and 576?
8
Suppose 9*w - 5854 = -5800. Let o(a) = -a**2 - 11*a - 8. Let p be o(-9). What is the greatest common factor of w and p?
2
Let d be (15/20)/(3/8). Suppose -d*k - m = -51, 4*m + 117 = 4*k + 3*m. Suppose 2*i + k - 156 = 0. Calculate the greatest common factor of 8 and i.
8
Suppose -5*f + 80 = 20. Suppose -4*h = m - 3*m + 46, -5*h - f = m. Calculate the highest common factor of m and 39.
13
Let c(t) be the second derivative of t**3/6 + 15*t**2/2 - 13*t. Let s be c(0). Let w = 15 + -5. What is the greatest common divisor of s and w?
5
Suppose 3*o - 15 - 30 = 0. Suppose -4*g + 4*x = -28, -5*g + g - 2*x = 2. Let f = g - -3. What is the highest common divisor of f and o?
5
Suppose 3232 = -2*f + 3322. Calculate the highest common divisor of f and 1935.
45
Suppose o + 4*o = 75. Let z(a) = -7 + 4*a**2 - 5*a + 2*a - 3*a**2. Let u be z(5). Calculate the greatest common factor of o and u.
3
Let t be 4/28*-1 + 1248/14. Suppose 4*r + 5*l - t = 8*l, -2*l - 46 = -2*r. What is the greatest common divisor of 10 and r?
10
Suppose -5*b = p - 912 - 2290, -648 = -b - 4*p. Calculate the highest common factor of b and 48.
16
Suppose 28 = 19*c - 15*c. Suppose -2*y + 34 = 4*l, c*y = -l + 3*y + 19. Calculate the greatest common divisor of l and 56.
7
Let x = 91 + -132. Let h = -39 - x. Calculate the greatest common factor of 9 and h.
1
Let t = -6 + 8. Suppose -t = 4*h - 5*h. Suppose 429 = 5*s - h*s. Calculate the highest common divisor of 13 and s.
13
Let o be (1 - 2)/(14/28). Let a(t) = -t**2 - 2*t. Let x be a(o). Suppose 0 = -x*r - 3*r, -2*l + 26 = 3*r. Calculate the highest common divisor of l and 13.
13
Let b be 3/(-12) + (-130)/(-8). Let d(n) = -8*n - 16. Let i be d(-16). Calculate the highest common divisor of i and b.
16
Let p(c) = 5*c + 149. Let h be p(34). Calculate the greatest common factor of h and 29.
29
Let h be ((-9)/(-2))/(6/8). Let k be (18 + 0)/(2/16*12). What is the greatest common factor of k and h?
6
Let w(r) = 0*r + 47 + 8*r - 7*r. Let u be w(-17). What is the greatest common factor of u and 270?
30
Suppose -4*q + i + 31 = 0, 5*i + 9 = -q + 1. Calculate the greatest common factor of 2 and q.
1
Let b be (-11)/4 - 1/4. Let z be (3 - b)/(-3) - -21. Suppose 305 = 5*n - 2*y + 14, -n + 4*y = -69. Calculate the greatest common factor of n and z.
19
Let g be (240/(-72))/((-1)/9*2). Let r be (1/2)/((-2)/(-12)). Let f be r*(30/9 - 0). Calculate the greatest common divisor of g and f.
5
Let j(i) = 5*i + 20. Let z be j(4). Calculate the greatest common factor of 260 and z.
20
Let u = -730 - -740. Calculate the greatest common factor of u and 16.
2
Suppose 8*m - 297 = 1007. Let r = 184 - m. What is the highest common factor of r and 273?
21
Suppose -12 - 8 = -5*v. Suppose -3*o + v*i - 192 = 0, 4*i + 194 = -5*o - 126. Let p = -36 - o. Calculate the highest common factor of p and 70.
14
Suppose 4*x = -35 - 33. Let t = -12 - x. Suppose -s = -4*s + 90. What is the highest common factor of t and s?
5
Suppose -5*c = 3*y - 105, 2*c + 0*c - 42 = 3*y. Let w(p) = p**2 + 105. Let i be w(0). What is the greatest common divisor of c and i?
21
Suppose 3*y - 17 = 1. Suppose 5*n - y = -1. Let c = 5 + n. Calculate the greatest common divisor of c and 12.
6
Suppose 314 = 102*r - 3052. What is the highest common divisor of r and 24?
3
Suppose 7*q - 947 = 663. What is the highest common factor of q and 92?
46
Suppose 0 = -26*d - 4996 + 17580. Calculate the greatest common factor of d and 44.
44
Suppose t = -i + 356, -4*i - 403 = -4*t + 981. Calculate the highest common divisor of 13 and t.
13
Let z(g) = 482*g + 150. Let t be z(3). What is the highest common divisor of t and 168?
84
Suppose -160 = -2*i - 5*s, -8*s + 296 = 4*i - 4*s. Suppose 9*a + i = 628. What is the highest common divisor of a and 62?
62
Suppose 2*r = r - 8. Let l(b) = -5*b + 12 - 3 - 13*b + b. Let u be l(r). What is the highest common factor of 29 and u?
29
Let f be (3 - 2) + (-477)/(-3). Suppose 140 = -7527*k + 7534*k. What is the greatest common factor of k and f?
20
Let c be 2/2 - 0 - (-4 + -7). What is the greatest common divisor of 6 and c?
6
Suppose -11*n = -376 - 119. Calculate the highest common divisor of n and 495.
45
Let c(y) = 16*y + 2. Let f be c(-4). Let u = f - -117. What is the highest common factor of u and 11?
11
Let y(x) = -x**2 - 10*x - 10. Let s be y(-5). Suppose -2*u + s = 1. Let o(m) = 10*m - 5. Let q be o(u). What is the greatest common factor of q and 26?
13
Suppose 5*a = 4*i + 940, -2*a + 5*i = -582 + 189. What is the highest common factor of a and 69?
23
Let l(a) = -100*a + 2. Let b be l(-2). Suppose 0 = 5*s - k - b, 2*s = 3*k + 19 + 54. Let n = -29 + s. Calculate the greatest common factor of n and 30.
6
Let a(s) = -s**3 + s**2 - 1. Let o(x) = -3*x**3 - 6*x**2 - 4*x + 7. Let g(j) = -2*a(j) + o(j). Let m be g(-9). What is the highest common factor of m and 14?
14
Suppose -s = 5*l + 1, 11*s = 13*s + l - 16. What is the greatest common factor of s and 9?
9
Suppose 5*o - 68 = -5*m + 3*m, -4 = -m. Let s = -6129 + 6153. Calculate the highest common factor of o and s.
12
Let d = 42 - 17. Suppose 1202 - 2202 = -20*j. What is the highest common divisor of j and d?
25
Let f = 4 - 8. Let y be 14/1 - f/1. Suppose -j + 26 = -1. What is the greatest common divisor of y and j?
9
Let f = -2274 + 2276. Let a(x) = 25*x**2 + 1. Let s be a(-1). Calculate the highest common factor of f and s.
2
Let l = 19693 + -19588. Let p(m) = 15*m. Let v be p(1). What is the highest common divisor of v and l?
15
Let a = 9 - 12. Let p be -6*(0 - a/(-9)). Suppose 3*z - 280 = -p*z. What is the highest common factor of z and 7?
7
Suppose 6*n = -0*n + 60. Let z(d) = d**3 - 11*d**2 + 11*d - 3. Let m be z(n). Suppose -m*k + 264 = -k. Calculate the highest common factor of 4 and k.
4
Suppose -1 + 10 = 2*b + o, 4*b - 5*o = 11. Suppose -2*p + 20 = -b*v, 4*p - 26 = -2*v + 3*v. Let w = 25 + -10. What is the highest common factor of w and p?
3
Let u be (-623)/(-3) + 2/(-3). Suppose 0 = -5*p + 5, -4*p + p = -2*k + u. Calculate the greatest common factor of 42 and k.
21
Let n = -361 - -369. Calculate the greatest common factor of 680 and n.
8
Let a be -2 - (1 - 9) - (2 + -976). What is the highest common factor of 20 and a?
20
Let y be (-2)/4*12*972/(-8). Calculate the highest common factor of y and 27.
27
Let t = 248 + -246. What is the highest common factor of 54 and t?
2
Let s = 1076 + -1043. Suppose -4*u + 5*h + 69 = 0, -h = u - 0*h - 6. What is the highest common factor of u and s?
11
Suppose 4*m + 3*j = 43, 0 = -3*m - 3*j + 25 + 8. Let n = -48 - 41. Let p = 169 + n. Calculate the greatest common factor of m and p.
10
Let f be 26/(-4)*324/(7 + -13). Calculate the greatest common factor of f and 39.
39
Suppose -4*a - 46*f + 44*f + 1554 = 0, 5*f - 1539 = -4*a. Calculate the greatest common factor of 69 and a.
23
Let b(r) = 2*r - 12. Let c be b(-13). Let u = c + 39. Let d(t) = -2*t**3 - 1. Let s be d(-1). What is the greatest common divisor of s and u?
1
Let b be 164 - (3 + 0 + -7). What is the greatest common divisor of 224 and b?
56
Suppose -5*z + 5*a = 505, -4*a - 160 = 2*z + 54. Let t = 218 + z. Calculate the highest common factor of t and 46.
23
Let h = -53 - -98. What is the greatest common factor of h and 1305?
45
Suppose 10*q - 9 = 9*q. Calculate the highest common divisor of q and 6.
3
Let m(h) be the first derivative of -h**3/3 - 4*h**2 + 4*h + 2. Let k be m(-6). Suppose 206 = -3*f + 590. What is the highest common divisor of k and f?
16
Let n(j) = 17*j + 8. Let y be n(11). Let o = 290 - y. What is the greatest common factor of 19 and o?
19
Let p = 410 + -404. Calculate the greatest common divisor of 144 and p.
6
Let m be 19176/80 + 3/10. Calculate the highest common divisor of m and 110.
10
Let y(h) = 4*h + 4. Suppose 0 = 3*t - 5*d - 17, -t - 5*d - 1 = -0*d. Let o be y(t). What is the greatest common diviso